1?
0
What is the tens digit of 785?
8
What is the thousands digit of 2510?
2
What is the tens digit of 2338?
3
What is the units digit of 3606?
6
What is the units digit of 4924?
4
What is the units digit of 26333?
3
What is the tens digit of 16866?
6
What is the hundreds digit of 4199?
1
What is the tens digit of 88081?
8
What is the units digit of 31476?
6
What is the hundreds digit of 1203?
2
What is the tens digit of 379?
7
What is the tens digit of 4390?
9
What is the units digit of 825?
5
What is the hundreds digit of 49357?
3
What is the hundreds digit of 4549?
5
What is the tens digit of 27017?
1
What is the tens digit of 3700?
0
What is the tens digit of 279?
7
What is the hundreds digit of 39492?
4
What is the hundreds digit of 1535?
5
What is the hundreds digit of 5930?
9
What is the units digit of 130?
0
What is the units digit of 1471?
1
What is the units digit of 2052?
2
What is the units digit of 1616?
6
What is the hundreds digit of 233?
2
What is the units digit of 3546?
6
What is the units digit of 749?
9
What is the thousands digit of 4346?
4
What is the tens digit of 55671?
7
What is the hundreds digit of 44738?
7
What is the thousands digit of 3446?
3
What is the ten thousands digit of 52041?
5
What is the tens digit of 97?
9
What is the hundreds digit of 53552?
5
What is the hundreds digit of 67013?
0
What is the thousands digit of 1372?
1
What is the units digit of 20033?
3
What is the tens digit of 868?
6
What is the thousands digit of 19333?
9
What is the tens digit of 53219?
1
What is the thousands digit of 143151?
3
What is the units digit of 4618?
8
What is the tens digit of 5119?
1
What is the units digit of 7729?
9
What is the hundreds digit of 80202?
2
What is the units digit of 329?
9
What is the hundreds digit of 9442?
4
What is the thousands digit of 1475?
1
What is the thousands digit of 4710?
4
What is the tens digit of 1263?
6
What is the ten thousands digit of 83254?
8
What is the tens digit of 5499?
9
What is the tens digit of 17409?
0
What is the hundreds digit of 2727?
7
What is the hundreds digit of 46231?
2
What is the hundreds digit of 58982?
9
What is the thousands digit of 7598?
7
What is the hundreds digit of 37670?
6
What is the ten thousands digit of 57108?
5
What is the ten thousands digit of 164106?
6
What is the tens digit of 963?
6
What is the thousands digit of 6293?
6
What is the units digit of 746?
6
What is the thousands digit of 3707?
3
What is the hundreds digit of 94909?
9
What is the ten thousands digit of 20639?
2
What is the hundreds digit of 318?
3
What is the units digit of 1642?
2
What is the thousands digit of 2330?
2
What is the thousands digit of 1496?
1
What is the hundreds digit of 3729?
7
What is the thousands digit of 18568?
8
What is the units digit of 3729?
9
What is the tens digit of 99040?
4
What is the units digit of 3826?
6
What is the tens digit of 74?
7
What is the tens digit of 134691?
9
What is the thousands digit of 144616?
4
What is the tens digit of 2555?
5
What is the tens digit of 669?
6
What is the thousands digit of 2896?
2
What is the units digit of 104?
4
What is the hundreds digit of 105?
1
What is the hundreds digit of 304?
3
What is the units digit of 51119?
9
What is the hundreds digit of 17047?
0
What is the units digit of 56470?
0
What is the hundreds digit of 938?
9
What is the units digit of 102?
2
What is the tens digit of 18365?
6
What is the hundreds digit of 66604?
6
What is the tens digit of 1923?
2
What is the thousands digit of 4818?
4
What is the units digit of 42788?
8
What is the thousands digit of 2068?
2
What is the hundred thousands digit of 118544?
1
What is the thousands digit of 25663?
5
What is the hundreds digit of 545?
5
What is the thousands digit of 1809?
1
What is the tens digit of 897?
9
What is the units digit of 743?
3
What is the tens digit of 6355?
5
What is the hundreds digit of 27026?
0
What is the units digit of 690?
0
What is the hundreds digit of 47203?
2
What is the units digit of 32749?
9
What is the ten thousands digit of 10791?
1
What is the units digit of 79?
9
What is the units digit of 23708?
8
What is the ten thousands digit of 15068?
1
What is the units digit of 17502?
2
What is the hundreds digit of 25330?
3
What is the units digit of 845?
5
What is the units digit of 16961?
1
What is the thousands digit of 2620?
2
What is the hundreds digit of 4617?
6
What is the thousands digit of 17476?
7
What is the ten thousands digit of 17574?
1
What is the units digit of 782?
2
What is the units digit of 139159?
9
What is the hundreds digit of 3570?
5
What is the units digit of 3794?
4
What is the units digit of 54?
4
What is the thousands digit of 5404?
5
What is the thousands digit of 120832?
0
What is the thousands digit of 6942?
6
What is the hundreds digit of 65386?
3
What is the units digit of 18311?
1
What is the units digit of 474?
4
What is the hundreds digit of 27992?
9
What is the thousands digit of 6131?
6
What is the units digit of 8594?
4
What is the tens digit of 114375?
7
What is the units digit of 25800?
0
What is the units digit of 39596?
6
What is the units digit of 29400?
0
What is the tens digit of 581?
8
What is the hundreds digit of 729?
7
What is the ten thousands digit of 28627?
2
What is the units digit of 189?
9
What is the tens digit of 2080?
8
What is the hundreds digit of 7046?
0
What is the tens digit of 18086?
8
What is the tens digit of 2531?
3
What is the tens digit of 309?
0
What is the thousands digit of 3354?
3
What is the thousands digit of 8431?
8
What is the tens digit of 853?
5
What is the hundreds digit of 43049?
0
What is the units digit of 81487?
7
What is the tens digit of 18287?
8
What is the units digit of 40744?
4
What is the tens digit of 795?
9
What is the tens digit of 2637?
3
What is the hundreds digit of 15119?
1
What is the thousands digit of 1005?
1
What is the thousands digit of 105659?
5
What is the thousands digit of 12709?
2
What is the units digit of 2211?
1
What is the tens digit of 6422?
2
What is the units digit of 31079?
9
What is the tens digit of 136?
3
What is the hundreds digit of 18523?
5
What is the hundreds digit of 351?
3
What is the tens digit of 96160?
6
What is the tens digit of 1380?
8
What is the hundreds digit of 2355?
3
What is the tens digit of 21032?
3
What is the units digit of 51646?
6
What is the units digit of 116677?
7
What is the units digit of 4251?
1
What is the hundreds digit of 45529?
5
What is the tens digit of 28905?
0
What is the thousands digit of 1118?
1
What is the ten thousands digit of 12858?
1
What is the units digit of 17098?
8
What is the hundreds digit of 1443?
4
What is the hundreds digit of 714?
7
What is the hundreds digit of 86051?
0
What is the ten thousands digit of 40113?
4
What is the tens digit of 58302?
0
What is the thousands digit of 12185?
2
What is the ten thousands digit of 23159?
2
What is the units digit of 49?
9
What is the thousands digit of 4925?
4
What is the tens digit of 1766?
6
What is the tens digit of 164?
6
What is the units digit of 2277?
7
What is the ten thousands digit of 51371?
5
What is the hundreds digit of 705?
7
What is the hundreds digit of 9943?
9
What is the tens digit of 852?
5
What is the units digit of 1298?
8
What is the ten thousands digit of 28446?
2
What is the hundreds digit of 1842?
8
What is the units digit of 2312?
2
What is the hundreds digit of 179?
1
What is the hundreds digit of 13440?
4
What is the tens digit of 1070?
7
What is the ten thousands digit of 69262?
6
What is the ten thousands digit of 13265?
1
What is the thousands digit of 27074?
7
What is the ten thousands digit of 62877?
6
What is the units digit of 48451?
1
What is the hundreds digit of 26650?
6
What is the tens digit of 137954?
5
What is the hundreds digit of 8172?
1
What is the units digit of 1051?
1
What is the units digit of 7519?
9
What is the hundreds digit of 1885?
8
What is the thousands digit of 10909?
0
What is the units digit of 1082?
2
What is the tens digit of 1087?
8
What is the thousands digit of 104265?
4
What is the hundreds digit of 403?
4
What is the tens digit of 480?
8
What is the tens digit of 11692?
9
What is the thousands digit of 77032?
7
What is the ten thousand